= -15 - n. Let c(m) = -2 - 6*m + 10*m - k*m - 2. What is c(-7)?
10
Suppose 3*d - 176*f = -174*f + 3, -3*f = d - 1. Let i(u) = -40*u**2 + 2*u + 1. Give i(d).
-37
Let l(g) = -20*g - 695 + 2098 - 706 - 693. Give l(-2).
44
Let w = -21677 - -21675. Let l(d) = -d**2 + 6*d + 7. Determine l(w).
-9
Let b(q) = -82 - 352 + 224 + 25*q - 250 + 19. Give b(18).
9
Let v(j) = 6*j**2 - 3*j + 1. Let d(p) = p**3 + 25*p**2 + 27*p + 20. Let o be d(-24). Let i = 56 + o. Suppose 0*f - f + 2 = -i*b, -5*f = -b - 10. Calculate v(f).
19
Let s(h) = -h**3 + 9*h**2 + 11*h - 11. Let q(z) = -58*z - 103. Let y be q(-4). Suppose -6*r - 69 + y = 0. What is s(r)?
-1
Let a(z) = 2814*z + 5 - 17 - 2813*z. What is a(14)?
2
Suppose 8*v - 7*u + 10*u = -47, 7 = 2*v - 3*u. Let a(w) = -3*w**2 + 0*w**3 - w**3 + 2 + 2 + 4*w. Give a(v).
4
Let f(p) = 5*p**2 - 3*p + 4. Let r be f(0). Let c(g) = -2*g**2 - 4*g - 3. Determine c(r).
-51
Let y = 71 - 72. Let o be 12 + y - (39 - 34). Let w(g) = g**3 - 6*g**2 - g + 1. What is w(o)?
-5
Let i(v) = 3*v**2 - 14*v - 12. Suppose 44*k = 41*k + w + 25, 0 = 4*k + 4*w - 12. Determine i(k).
37
Let v(j) = 2*j**2 + 11. Let p be v(-12). Let t(d) = 3 + 0*d - p*d**2 + 298*d**2 - 2*d. Let i = 8 + -6. What is t(i)?
-5
Let r(i) = -i**3 - 4*i**2 - i + 8. Let m be r(-5). Let v = 43 - m. Suppose -19 + 5 = v*b + d, -2*b - 8 = d. Let s(w) = -w**2 + 2*w + 3. Calculate s(b).
-5
Let r be (0 + -1)*(-3 + 3). Suppose -5*n + 0*n = r. Let a(b) = 4*b - b + 13 - 3*b + b + 4. Determine a(n).
17
Let m(u) = -2*u**3 + 4*u**2 + u - 4. Suppose -22*y + 27*y + 2825 = 0. Let k = y - -568. What is m(k)?
-19
Suppose 46 = 3*h + m, -22*m + 19*m = 4*h - 68. Suppose 17 = -h*k + 15*k + 3*w, 0 = -4*w + 12. Let n(d) = d**3 - 9*d**2 + 11*d - 6. Determine n(k).
18
Let l(k) = -k**3 + 2*k**2 + 5*k. Let y be 12/(-66) - 46/(-11). Suppose -3*h + y*f + 90 = 2*f, -5*h + 4*f = -148. Let z = 36 - h. What is l(z)?
-12
Let n(b) be the third derivative of b**5/30 - 7*b**4/24 - b**3/6 + 2*b**2. Suppose -l = -5*p + 80 - 56, -3*p = 3*l - 18. Give n(p).
14
Let l(k) = -31*k + 948*k**2 - 947*k**2 + 33*k. Let a(m) = m**3 - 4*m**2 + 3*m. Let r be a(3). Let s(w) = -w**2 + 2. Let t be s(r). Calculate l(t).
8
Let i(b) = -12*b**3 - b**2 - 19*b - 10. Let q(x) = -x**2 - 5 - 10*x + 222*x**3 - 117*x**3 - 112*x**3. Let a(t) = 4*i(t) - 7*q(t). What is a(-4)?
3
Suppose -5*z - 3*w = 0, 3*z = 4*z + 3*w. Suppose -5*p + 0*p = z. Let n(m) = 8 - 7 + 4 + 3*m + 3*m - 7*m. Calculate n(p).
5
Suppose f - 18 + 1 = 0. Suppose 42 = -f*h - 43. Let i(b) = -b**2 - 4*b. What is i(h)?
-5
Suppose -5*x - 60 = 5*z - 5, -x + 5*z = -25. Let a(y) be the first derivative of 3*y**2/2 + 12*y - 3. Calculate a(x).
-3
Suppose 1 - 47 = 3*w - 2*i, 3*w + 31 = -i. Let q be 2/5 - w/(-5). Let c(z) = -6*z**2 - 7*z**2 - 888 + 889 - z**3 + 12*z**2 + 3*z + 0*z**2. Determine c(q).
-1
Let i(y) = 8*y + 302. Let n(j) = j + 47. Let r(l) = i(l) - 3*n(l). Give r(-30).
11
Let m(o) be the second derivative of -o**5/60 + o**4/8 + 2*o**3/3 - 44*o**2 - 14*o + 5. Let l(d) be the first derivative of m(d). Determine l(4).
0
Let m(w) be the first derivative of w**4/4 + 5*w**2/2 - 7*w + 7393. Give m(3).
35
Suppose 0 = 5*g + 15, 5*h + 18104*g - 19 = 18107*g. Let l = -2 + 3. Let s(r) = 5 - 2*r - 1 - l. Determine s(h).
-1
Let r(i) be the first derivative of -7*i**2/2 + 15*i + 553. Calculate r(7).
-34
Let y(b) = -106*b + 231. Let o(w) = -159*w + 370. Let n(v) = -5*o(v) + 8*y(v). Calculate n(-2).
104
Let o(l) = 4*l**2 + 4*l + 1. Let p(a) = -a. Suppose -5 = -4*i + 7. Suppose 0 = q + 5*j + 26, 4*j = i*q - 8 - 9. Let b(c) = q*o(c) - 2*p(c). What is b(-2)?
-13
Let t(w) = -65*w - 76. Let u be t(-1). Let p(m) = -4*m - 20. Calculate p(u).
24
Let t be 40/(-3 - (3 - 8)). Let z(m) = m**3 - 19*m**2 - 19*m - 16. Let q be z(t). Suppose q*w - 32 = -8. Let b(d) = d**2 - 8*d + 8. Calculate b(w).
-4
Let h(b) = 22859 - 22834 - 3*b + 0*b. Calculate h(-14).
67
Let y = -33 - -31. Let m(h) = 1. Let i(w) = -2. Let c(k) = y*m(k) - 2*i(k). Let x(l) = -l - 5. Let n(t) = 5*c(t) + 2*x(t). Calculate n(-6).
12
Suppose 51 = 2*m - 5*w, -27*m + 60 = -23*m + 4*w. Let o(i) be the second derivative of 1/2*i**2 + 0 - m*i + 4/3*i**3. Calculate o(1).
9
Let c(j) be the first derivative of -1/3*j**3 - 3*j - 2*j**2 - 16. Give c(-4).
-3
Let x(r) = -r**2 - 14*r + 23. Suppose -y - 66 = 5*g + 7, y - 77 = 5*g. Determine x(g).
8
Suppose 0 = -33*r + 53 + 13. Let t(x) = -4 + 7 + 39*x - 62*x + r + 27*x. Determine t(-4).
-11
Let b(y) = 2*y**2 + y + 3. Let v be ((-30)/9)/((-20)/12 + 1). Suppose 5*z = -4*l + 120, 6*l - 4*l - v*z = 30. Suppose 0 = f + l - 22. Give b(f).
18
Let p(g) be the second derivative of -g**5/60 + 5*g**4/12 - g**3/3 - g**2/2 - 2*g. Let b(c) be the first derivative of p(c). Let m = 4659 + -4649. Give b(m).
-2
Let c(z) = 2*z**3 + 7*z**2 + 42*z + 5. Let y(a) = -3*a**3 - 10*a**2 - 67*a - 7. Let b(m) = -8*c(m) - 5*y(m). Calculate b(-6).
1
Let j(i) be the second derivative of 7*i**5/20 - 29*i**4/2 - 23*i**3/6 - 51*i**2/2 + 51*i - 1. What is j(25)?
-1
Let s(v) be the second derivative of -v**5/20 - 5*v**4/4 + v**3 - 14*v**2 - 189*v + 10. What is s(-15)?
-118
Let g(v) = -v**2 + 7*v + 1. Suppose -19*w = -5*w - 182. Suppose 2*p + p - 38 = -4*o, -5*o = -2*p - w. What is g(p)?
7
Let h(f) = -137*f**3 + 136*f**3 + 11*f + 6*f**2 + 8 - 18. Let w(i) = 2*i + 16. Let c be w(-5). Suppose c*l = -3*g + 3*l + 6, 2*g = l + 19. Give h(g).
18
Let j = -7719 + 7714. Let g = -15 + 13. Let o(n) = -7*n**2 - 5*n - 10. Let q(w) = 3*w**2 + 3*w + 5. Let c(h) = g*o(h) - 5*q(h). What is c(j)?
-5
Let k(b) = b**2 - 5*b + 2. Suppose -3*z = -3*a - 24, -3*z - 6 + 28 = -2*a. Suppose -201 = -6*t + 39. Suppose 4*r + z*r = t. Calculate k(r).
-2
Let y(l) be the third derivative of -7/60*l**5 - 4/3*l**3 + 1 + 10*l**2 + 0*l - 1/120*l**6 - 1/24*l**4. What is y(-6)?
-38
Let l(f) = 12*f + 200. Let i be l(-16). Let o be ((-3)/(-2))/((-3)/(-6)). Let j(u) = -7 + u**3 - i - 2*u**o + 0. Determine j(0).
-15
Let z(m) = -6*m**3 + m**2 + 11*m + 44. Let n be z(-5). Let v = n + -749. Let w(o) = -o**3 + 16*o**2 - 15*o - 1. Give w(v).
-1
Let d(k) = 7*k**2 + k + 1. Let a be d(-1). Suppose 3*z + 3 = -4*m, 0 = -2*m - z - z - 4. Let l(v) = 4*v - 8*v - m + 10 + 3*v. Calculate l(a).
0
Suppose z + 4*p = -4, 0 = 5*z - 0*p - 5*p + 20. Let v(l) be the second derivative of -l**3/2 - l**2/2 + 8846*l. Give v(z).
11
Let l(m) = 7*m - 18. Let q(a) = -2*a**3 - 14*a**2 + 4*a + 94. Let b be q(-6). Calculate l(b).
-32
Let q be ((-480)/(-150) + 1/(-5))*-4. Let g(x) = 5*x + 79. Calculate g(q).
19
Let v(q) = -q**2 - 24*q - 77. Let f be v(-20). Let p(u) = -10*u + 5*u**2 - 7 + 5*u**2 + 18 + u**f + 4*u**2 - 5*u**2. Calculate p(-10).
11
Let p(k) = -6*k**3 - k**2 - 3*k. Suppose -1143*x + 1145*x = -5*w - 12, w + x = -3. What is p(w)?
50
Let u(k) = 21*k + 3. Let t(a) = -25*a - 3. Let p(q) = 5*t(q) + 6*u(q). Let y = 37 + -12. Suppose 0 = 5*l - 10*l + y. What is p(l)?
8
Let o(x) = -105*x - 105. Let i(m) = 146*m + 157. Let z(s) = 5*i(s) + 7*o(s). Give z(6).
20
Suppose -1550 = -4*b + 402. Let y(r) = 245*r - b*r + 246*r - 2. Give y(-3).
-11
Let l(z) = -16*z**3 - z**2. Let t be (-6 + 29/(-3))*6. Let q = 93 + t. Calculate l(q).
15
Let g be ((-3)/(-2))/((-309)/(-3296)). Let r(k) = k**3 - 15*k**2 - 24*k + 120. Determine r(g).
-8
Suppose -2*w = -95*r + 96*r - 10, 3*w + 21 = 0. Let b(s) = -s**2 + 25*s - 24. Determine b(r).
0
Let s(l) be the first derivative of -l**3/3 - 3*l**2/2 - 21*l - 4065. Calculate s(-9).
-75
Suppose -5*q - 13 = -4*i + 13, 0 = 4*i - 3*q - 22. Suppose i*a = 34 + 2. Let y(n) = 2*n + 13. Determine y(a).
31
Let y(w) = 7*w - 70. Suppose 0 = 5*n - 2*h - 52, -91*n + 2*h = -89*n - 22. Give y(n).
0
Let s(z) = 7*z**2 - 160*z + 30. Let h be s(21). Let k = 248 + h. Let l(i) = -3*i + 5. Let q(b) = b - 2. Let a(v) = 3*l(v) + 8*q(v). Calculate a(k).
-6
Let r(v) = -33*v - 30. Let g be r(-1). Suppose -2*q = 3*n + 20, 2*n + 5*q - g = -31. Let x(p) = 2*p**3 + 7*p**2 - 4*p. Give x(n).
0
Suppose -5*y + 6 + 19 = 0. Let v(a) be the third derivative of -a**6/120 + a**5/15 + a**4/12 + a**3/2 + 13265*a**2. Give v(y).
-12
Let x(q) = -q**3 - q**2 + 5*q - 3. Suppose 2*v + 17 = -6*s + 11*s, 5*s + 5*v - 10 = 0. Determine x(s).
-24
Let k = 1334295 - 1334292. Suppose -2*r + 6*r = -3*q - 4, -4*q = -2*r - 2. Let b(n) = 0*n**3 + 2*n**2 + 1